 109939037 composite?
True
Is 7197557 a prime number?
True
Is 21243821 composite?
False
Is 94364819 prime?
True
Is 121815203 a composite number?
False
Is 869062241 composite?
False
Is 370104437 a composite number?
True
Is 1182781 prime?
True
Is 13638593 a prime number?
True
Is 15851335 composite?
True
Is 412933 a composite number?
True
Is 76538129 composite?
True
Is 1262923 composite?
True
Is 28886951 a prime number?
True
Is 2361341 a composite number?
True
Is 579336737 prime?
False
Is 18718883 prime?
True
Is 3005969 a prime number?
True
Is 9046579 a prime number?
False
Is 558426457 prime?
False
Is 2078431 prime?
True
Is 6226159 composite?
False
Is 249444157 a prime number?
True
Is 583937 composite?
False
Is 27041387 a composite number?
False
Is 2979316733 composite?
False
Is 4503593 prime?
True
Is 26040619 prime?
False
Is 24344039 a composite number?
True
Is 63784319 a composite number?
True
Is 159087493 prime?
False
Is 2725337 prime?
True
Is 83289007 composite?
False
Is 2505751 composite?
True
Is 11557201 prime?
False
Is 3968177 a composite number?
False
Is 24201986 prime?
False
Is 44406101 a prime number?
False
Is 35731831 prime?
False
Is 124923911 a prime number?
False
Is 694315 prime?
False
Is 3653647 composite?
False
Is 2821579 a composite number?
True
Is 33700057 prime?
False
Is 1386767 a prime number?
True
Is 8119661 composite?
True
Is 52322417 a prime number?
False
Is 17326327 composite?
True
Is 1221221 a prime number?
True
Is 295802909 a prime number?
False
Is 3339313 a prime number?
True
Is 390641 a composite number?
True
Is 25122077 a prime number?
True
Is 5338087 a prime number?
False
Is 17523893 a prime number?
True
Is 21927071 composite?
True
Is 409692793 composite?
True
Is 1035451259 a composite number?
False
Is 1054243 composite?
False
Is 135522371 prime?
False
Is 94372331 a prime number?
True
Is 2543627 a prime number?
False
Is 167050307 prime?
False
Is 60538991 a composite number?
True
Is 11901647 a composite number?
False
Is 1179437 a prime number?
False
Is 5920753 a prime number?
False
Is 98976617 prime?
True
Is 1552757 a prime number?
True
Is 1288777 composite?
True
Is 4740697 composite?
True
Is 9723083 composite?
True
Is 78488323 a composite number?
False
Is 2435452121 prime?
True
Is 86695178 composite?
True
Is 7773683 prime?
False
Is 243536005 a composite number?
True
Is 10355863 prime?
False
Is 39741509 prime?
False
Is 17593603 a composite number?
False
Is 2647793 a prime number?
True
Is 28224587 a composite number?
True
Is 9899173 prime?
True
Is 18528449 a prime number?
True
Is 40537297 a composite number?
False
Is 6776771 prime?
True
Is 673808087 a prime number?
True
Is 3355361 composite?
True
Is 10379861 composite?
True
Is 9559013 composite?
False
Is 1011445 a composite number?
True
Is 66216797 composite?
True
Is 1527887 prime?
True
Is 43576873 prime?
True
Is 320727805 prime?
False
Is 18531179 prime?
True
Is 930467 a composite number?
False
Is 54834941 prime?
False
Is 17067977 prime?
False
Is 365639 a composite number?
False
Is 159052574 a prime number?
False
Is 3938889 a composite number?
True
Is 4309521 prime?
False
Is 107599 a prime number?
True
Is 51182927 composite?
False
Is 58719211 a composite number?
True
Is 1252051 composite?
True
Is 15071867 a composite number?
False
Is 330757531 a prime number?
False
Is 38476097 a composite number?
True
Is 1386859 a prime number?
False
Is 627115 a prime number?
False
Is 6713693 prime?
False
Is 12207561 composite?
True
Is 30540911 a composite number?
False
Is 59453389 a prime number?
True
Is 69116071 composite?
True
Is 2027603 composite?
True
Is 1326589259 prime?
False
Is 675077 a prime number?
False
Is 13415845 a composite number?
True
Is 159159613 a composite number?
True
Is 211501618 a composite number?
True
Is 291456059 a prime number?
True
Is 1609969 a composite number?
False
Is 59947777 composite?
False
Is 92647187 a prime number?
False
Is 55276399 a composite number?
False
Is 605719 a prime number?
True
Is 274937083 a composite number?
True
Is 17088191 composite?
True
Is 568434311 prime?
True
Is 264556343 a composite number?
False
Is 2504251 a prime number?
True
Is 68837473 prime?
True
Is 9779219 a prime number?
False
Is 8308945 a prime number?
False
Is 24531761 prime?
True
Is 12560677 a prime number?
True
Is 150754469 prime?
True
Is 47482177 a prime number?
False
Is 3210803 prime?
True
Is 8651771 a prime number?
True
Is 6631271 prime?
True
Is 71320961 a composite number?
True
Is 2009593 a prime number?
True
Is 13560403 prime?
True
Is 54265667 composite?
True
Is 3449527 a composite number?
True
Is 334897879 composite?
True
Is 5487287 composite?
True
Is 80315363 a prime number?
False
Is 893081 a composite number?
True
Is 9032861 composite?
True
Is 3359841 composite?
True
Is 125378633 composite?
False
Is 11783449 composite?
False
Is 3140861 prime?
True
Is 38944747 composite?
False
Is 140143 a composite number?
False
Is 71547589 prime?
False
Is 509359 a prime number?
True
Is 123688001 prime?
False
Is 27427171 a composite number?
True
Is 36835361 composite?
False
Is 974903 a composite number?
True
Is 36294859 prime?
True
Is 904850119 prime?
True
Is 7564937 prime?
False
Is 8212801 composite?
False
Is 96690397 a composite number?
False
Is 111534727 a prime number?
True
Is 99853301 a composite number?
False
Is 2823029 composite?
True
Is 2332747 a composite number?
True
Is 1951403 prime?
True
Is 21404341 a prime number?
False
Is 8776723 prime?
False
Is 2274359 composite?
True
Is 3781651 a composite number?
True
Is 71249 prime?
True
Is 78490459 a prime number?
True
Is 6031598 prime?
False
Is 233113 a prime number?
True
Is 489767 a composite number?
True
Is 129006313 prime?
True
Is 62945999 a prime number?
False
Is 11021021 prime?
False
Is 344399249 prime?
True
Is 26032493 a composite number?
False
Is 34581379 a prime number?
False
Is 9061939 a composite number?
False
Is 110006653 a prime number?
False
Is 7990169 a prime number?
False
Is 21578093 composite?
False
Is 47105411 prime?
False
Is 11095681 prime?
True
Is 32834309 prime?
True
Is 18569 a prime number?
False
Is 1403263 composite?
True
Is 9157402 composite?
True
Is 16476049 prime?
False
Is 2035599 a prime number?
False
Is 7281353 a composite number?
False
Is 79835351 prime?
True
Is 10862753 prime?
False
Is 298598821 a composite number?
False
Is 45160539 prime?
False
Is 28282817 a prime number?
True
Is 133921783 a prime number?
True
Is 40433665 a composite number?
True
Is 6801239 composite?
True
Is 24934463 a composite number?
False
Is 94719181 composite?
False
Is 8399173 a prime number?
False
Is 898701 composite?
True
Is 5138503 a composite number?
False
Is 1367687 a composite number?
False
Is 23824963 a composite number?
False
Is 108401653 composite?
False
Is 23705273 a composite number?
True
Is 2059669 a prime number?
False
Is 65552954 a prime number?
False
Is 1566067 composite?
True
Is 10348061 a composite number?
False
Is 2101231 a prime number?
False
Is 1064383 a prime number?
True
Is 79713097 a prime number?
True
Is 603205 prime?
False
Is 204092797 a composite number?
False
Is 5894477 prime?
True
Is 38287001 a composite number?
False
Is 76736293 a prime number?
True
Is 55256269 composite?
False
Is 42200999 prime?
True
Is 76400899 composite?
True
Is 1949309 a composite number?
False
Is 1158167 prime?
False
Is 1150111 a prime number?
False
Is 4822243 a composite number?
True
Is 4824349 a composite number?
True
Is 3549811 a composite number?
False
Is 584973889 prime?
False
Is 2992961 a prime number?
False
Is 41440921 prime?
True
Is 22169127 composite?
True
Is 10557791 composite?
False
Is 21808931 a prime number?
False
Is 1676417 composite?
False
Is 45758639 a composite number?
False
Is 5025019 a composite number?
True
Is 148027421 a composite number?
False
Is 1550137 composite?
True
Is 21768613 a prime number?
False
Is 2289549 composite?
True
Is 166320863 a prime number?
False
Is 7016123 a composite number?
True
Is 6894103 prime?
True
Is 285597593 composite?
True
Is 7151653 composite?
False
Is 73534757 composite?
True
Is 10199837 a composite number?
True
Is 2747179 composite?
False
Is 14063307 composite?
True
Is 371107123 a prime number?
False
Is 3326107 a composite number?
False
Is 2728267 a composite number?
T